{"id":9788898907570,"date":"2022-08-09T10:39:06","date_gmt":"2022-08-09T10:39:06","guid":{"rendered":"https:\/\/pareve.ma\/?post_type=product&#038;p=9788898907570"},"modified":"2022-08-09T10:39:07","modified_gmt":"2022-08-09T10:39:07","slug":"fleurs-de-bach-aspen-tremble-libere-des-peurs-et-inquietudes-inexpliques-20ml","status":"publish","type":"product","link":"https:\/\/pareve.sg2i.com\/?product=fleurs-de-bach-aspen-tremble-libere-des-peurs-et-inquietudes-inexpliques-20ml","title":{"rendered":"Fleurs de Bach Aspen (tremble) Lib\u00e8re des peurs et inqui\u00e9tudes inexpliqu\u00e9s 20ml"},"content":{"rendered":"","protected":false},"excerpt":{"rendered":"","protected":false},"featured_media":9788898890354,"comment_status":"open","ping_status":"closed","template":"","meta":{"inline_featured_image":false},"product_cat":[4234],"product_tag":[],"class_list":{"0":"post-9788898907570","1":"product","2":"type-product","3":"status-publish","4":"has-post-thumbnail","6":"product_brand-fleurs-de-bach","7":"product_cat-fleurs-de-bach-650","9":"first","10":"instock","11":"shipping-taxable","12":"product-type-simple"},"_links":{"self":[{"href":"https:\/\/pareve.sg2i.com\/index.php?rest_route=\/wp\/v2\/product\/9788898907570","targetHints":{"allow":["GET"]}}],"collection":[{"href":"https:\/\/pareve.sg2i.com\/index.php?rest_route=\/wp\/v2\/product"}],"about":[{"href":"https:\/\/pareve.sg2i.com\/index.php?rest_route=\/wp\/v2\/types\/product"}],"replies":[{"embeddable":true,"href":"https:\/\/pareve.sg2i.com\/index.php?rest_route=%2Fwp%2Fv2%2Fcomments&post=9788898907570"}],"version-history":[{"count":1,"href":"https:\/\/pareve.sg2i.com\/index.php?rest_route=\/wp\/v2\/product\/9788898907570\/revisions"}],"predecessor-version":[{"id":9788898907571,"href":"https:\/\/pareve.sg2i.com\/index.php?rest_route=\/wp\/v2\/product\/9788898907570\/revisions\/9788898907571"}],"wp:featuredmedia":[{"embeddable":true,"href":"https:\/\/pareve.sg2i.com\/index.php?rest_route=\/wp\/v2\/media\/9788898890354"}],"wp:attachment":[{"href":"https:\/\/pareve.sg2i.com\/index.php?rest_route=%2Fwp%2Fv2%2Fmedia&parent=9788898907570"}],"wp:term":[{"taxonomy":"product_cat","embeddable":true,"href":"https:\/\/pareve.sg2i.com\/index.php?rest_route=%2Fwp%2Fv2%2Fproduct_cat&post=9788898907570"},{"taxonomy":"product_tag","embeddable":true,"href":"https:\/\/pareve.sg2i.com\/index.php?rest_route=%2Fwp%2Fv2%2Fproduct_tag&post=9788898907570"}],"curies":[{"name":"wp","href":"https:\/\/api.w.org\/{rel}","templated":true}]}}